+ 3*d - 4. Let r be g(-3). Suppose -r*n - 990 = -y*n. What is the units digit of n?
8
Suppose 13*f - 38 - 53 = 0. Suppose 1172 = 3*m + 2*h, 4*h + 1596 = -f*m + 11*m. What is the tens digit of m?
9
Suppose -p + 5*h = -30, -5*p + 0*h = -2*h - 35. Suppose -11 = -3*r - p. Suppose 0 = -z + 3*x + 79, -z = r*z - 2*x - 230. What is the units digit of z?
6
Suppose d + 16 = 3*d + 2*k, -k = 1. What is the tens digit of 1/d*3463 + (-22)/(-99)?
8
Let v(b) = b + 38. Let h be v(-29). Suppose -h*r + 1712 + 880 = 0. What is the hundreds digit of r?
2
Let k(h) = -8*h - 72. Let u be k(-9). What is the hundreds digit of 1204*((-2)/(-4) + u) + -5?
5
Let i(c) = -8*c**3 + 14*c + 9. Let y be i(-4). Let b = 21 + y. What is the units digit of b?
6
Let l(f) = 444*f + 1170. What is the thousands digit of l(13)?
6
Suppose 19*g + 8*g - 859656 = 3*g. What is the ten thousands digit of g?
3
Suppose 0 = 9*d + 6*d + 102398 - 289118. What is the ten thousands digit of d?
1
Suppose -45*s + 50*s - 105 = 0. What is the tens digit of (-3266)/(-14) + (-6)/s?
3
Let h = -340 + 199. Let k = 28 - h. Suppose s + 211 = 5*m, 0*m + 4*m - s = k. What is the tens digit of m?
4
Let g(u) = -u**3 - 12*u**2 + 100*u - 16. Let y be g(-17). Let m = 1038 + y. What is the hundreds digit of m?
7
Let d(v) = 2*v**3 + 49*v**2 - 25*v + 2. Let b be d(-25). Suppose 0 = -6*r + b*r + 4*i + 1328, 971 = 3*r + 2*i. What is the units digit of r?
7
Let j(o) = 912*o - 899. What is the tens digit of j(10)?
2
Suppose -44297 + 1894362 = 107*v - 740833. What is the hundreds digit of v?
2
Let m(v) = -4*v**3 + 2*v**2 - 1. Let q be m(-1). Let o(p) = 8*p**2 - 11*p - 7. Let f be o(q). Let j = f + -94. What is the units digit of j?
4
Suppose 4*w + 176*a - 63910 = 181*a, -15976 = -w + a. What is the units digit of w?
0
Suppose -1620*y + 1742*y = 1440454. What is the ten thousands digit of y?
1
What is the tens digit of (66576/9)/(-3 - 33/(-9))?
9
Let v(n) = 383*n**2 + 203*n - 1684. What is the ten thousands digit of v(9)?
3
Let p(f) = -762*f + 115. What is the thousands digit of p(-5)?
3
Suppose -16965 - 5057 = -7*w. What is the tens digit of w?
4
Suppose -4*m - 211 = -1227. Suppose 0 = -i + 740 - m. What is the tens digit of i?
8
Let n = 754 + 61192. What is the hundreds digit of n?
9
Let s be 19*1 + (-45)/(-15). Let h(o) = -8 - 2 + 0 - s*o - 1. What is the units digit of h(-4)?
7
Suppose -4*a + 13771 = -5685. What is the units digit of a?
4
Let x(c) = -c**3 + 33*c**2 - 26*c + 26. Let p be x(32). Suppose 2*s - 1053 = z + p, -5*z = 2*s - 1289. What is the units digit of s?
7
Suppose 3*p - 200309 = y, -45*p + 4*y + 200324 = -42*p. What is the units digit of p?
8
Let j(q) = q**3 + 5*q**2 + 5. Let h be j(-5). Let w be 0/(0 - (-5)/h). Suppose -7*t - 281 + 715 = w. What is the tens digit of t?
6
Let v(y) = 10*y**3 + 3*y**2 - 5*y - 18. Suppose -3*k - 72 = -21*k. What is the tens digit of v(k)?
5
Suppose -3*d + 3139 + 5642 = -3*z, 3*d - 4*z = 8783. What is the thousands digit of d?
2
Suppose 13*x = 3*x + 10. Let a be x - (-3 + 5/((-5)/(-2))). Suppose b = 5*q - 164, b + 1 = a*b. What is the units digit of q?
3
Let p be -90 + -3 + (-2)/4*-2. Let x = 19 - p. Let s = x - 71. What is the units digit of s?
0
Suppose -579*b = -575*b - 23924. What is the thousands digit of b?
5
Let m(v) = -5*v + 35. Let d be m(11). What is the units digit of 21 + d + (40 - 1)?
0
Suppose -21*z + 483 = -1071. Suppose -3*g - z = -r + 1097, 4*r = g + 4662. What is the thousands digit of r?
1
Let m(u) be the second derivative of 27*u**3/2 + 47*u**2 - 318*u. What is the hundreds digit of m(8)?
7
What is the units digit of 5 - -2066*-7*24/(-28)?
1
Let s be 5448/(-36) - (-20)/15. Let r = 152 - s. What is the units digit of r?
2
What is the hundreds digit of (-24)/120 - 236630/(-6) - 10/75?
4
Let n(t) = t**2 - 5*t - 38. Let j(c) = -c**2 + 2*c + 32. Let g be j(-12). Let f be -1 + g/(-12) + (-8)/(-12). What is the tens digit of n(f)?
2
Let o(l) = -64*l**2 + 23*l + 7. Let q be o(4). Let v = q - -1848. What is the tens digit of v?
2
Suppose -1450*c = -1364*c - 654030. What is the units digit of c?
5
Suppose 0 = 20*k - 23*k + 47025. Suppose -16*a + 31*a - k = 0. What is the thousands digit of a?
1
Let j(w) = 36*w**2 + 2*w - 13. Let p be j(7). Suppose 4*k - y = p, 3*k + 2*y + 0*y - 1310 = 0. What is the hundreds digit of k?
4
Let h(w) = -w**3 - 8*w**2 + 5*w - 29. Let o be h(-9). Let m(j) = 48*j - 2. What is the units digit of m(o)?
4
Suppose -186 = -5*m - 4*k + 35, -2*k - 137 = -3*m. Suppose -5*g + 3*g = -4*s + 40, -5*g = -5*s + m. Suppose -828 - 998 = -s*q. What is the units digit of q?
6
Let a = -39 + 38. Let o(q) = 9 + 6 + 3*q - 5 + 0. What is the units digit of o(a)?
7
Let c = 122 - 119. Let f(v) = 122*v**2 + v - 3. What is the tens digit of f(c)?
9
Suppose 0 = -4*u - 3*h - 283, 5*u - 96 = 2*h - 444. Let s be (-1 + 3)/(14/u). What is the units digit of 65/s + 6 - 142/(-4)?
5
Let r = -43 + 50. Suppose 12*l = r*l - 30. Let a(v) = -20*v + 7. What is the tens digit of a(l)?
2
Let n(s) = 102*s**2 + 14*s - 30. Let t be n(3). Let l = t - 423. What is the hundreds digit of l?
5
Let l = -287 - -338. Suppose -47*d + l*d = 4408. What is the units digit of d?
2
Suppose 4*a - 72 = -4*a. Suppose 0 = 6*l - a*l + 135. What is the units digit of -10*(l/(-10) - -4)?
5
Suppose -7*f - 66 = -f. Let t(p) = -p**2 - 10*p + 10. Let q be t(f). What is the tens digit of 2*(-235)/(-8) - q/4?
5
Let n be (-1373)/(-7) - 1158/(-1351). Suppose -3*p = p + 12. What is the hundreds digit of (4 - n)*2/6*p?
1
Suppose 5*j + 0*j = 4*f + 153, -4*f + 45 = j. Suppose j = c + 1. Let k = 140 - c. What is the hundreds digit of k?
1
Suppose 19*x + 8904 = 21*x. Suppose -10*q - 512 = -x. What is the units digit of q?
4
Suppose 11*i - 49290 = 6*i - 4*r, 2*r + 39458 = 4*i. What is the thousands digit of i?
9
What is the thousands digit of (-686)/2401 - 166730/(-14)?
1
Let o be (198/24 + -6)/((-6)/(-16)). Let c be 46524/(-33) + o/(-33). What is the units digit of 2/(-5) - (c/25)/6?
9
Suppose 21*t = 17*t - 4. Let o be (10/(1 - t))/(-1). What is the units digit of 816/6 + o/(-5)?
7
Suppose 2*y - 25178 = -8*o + 4*o, -4*y + o = -50320. What is the thousands digit of y?
2
Suppose -c + 4126 = -5*o, 57*c - 61*c - 5*o = -16654. What is the hundreds digit of c?
1
Let f(q) = 1029*q**3 + 15*q**2 - 30*q - 37. What is the tens digit of f(3)?
9
Let r = 26 - 30. Let k be -4*(-6)/(-3) - r. What is the tens digit of (-1)/k - (-3 - (-1596)/(-16))?
0
Let l(i) = i**2 + i + 1. Let m(d) = 11*d**2 - d + 2. Let x(o) = -4*l(o) - m(o). Let c be x(-2). Let y = -49 - c. What is the tens digit of y?
1
Let i(f) = -571*f - 312. What is the hundreds digit of i(-10)?
3
Suppose 4*d = 392*i - 395*i + 21640, -5*d = i - 27039. What is the tens digit of d?
0
Let a = -213 - -128. What is the tens digit of (-4)/10 + (-1649)/a?
1
Suppose 3*d + 5*k = 5*d - 739, -2*k = 2*d - 746. Suppose -40*c + d = -38*c. Let g = c - 19. What is the hundreds digit of g?
1
Let q be 462/(-39) - -14*10/(-910). Let r(o) be the first derivative of -o**4/4 - 3*o**3 + 19*o**2/2 - 26*o - 1. What is the tens digit of r(q)?
7
Let f = -1552 - -6167. What is the hundreds digit of f?
6
Suppose 0 = 47*n - 785224 - 591600 - 141417. What is the ten thousands digit of n?
3
Let n = -369 - -575. Suppose 4*b = t - n + 918, 0 = b - t - 175. What is the units digit of b?
9
Let m(z) = -z**3 - 2*z**2 + 8*z - 46. Suppose 4*a = -a - q - 46, 2*q = -a - 11. What is the tens digit of m(a)?
4
What is the units digit of 15039*(78/36 - 6/4)?
6
Let y = 21125 + -10478. What is the hundreds digit of y?
6
Let r be ((-1)/2)/((-2)/36). Suppose -6*o = -1155 - r. What is the tens digit of o?
9
Let i = 12881 + -9124. Suppose -13*n + 5447 = -i. What is the units digit of n?
8
What is the ten thousands digit of -24021*2/(-30)*45/(-18)*-20?
8
Suppose 3*y - 132 = -j, 3*j + 48 = y + 2*j. Let k = -40 + y. Suppose -k*s - s + 312 = 0. What is the units digit of s?
2
What is the hundreds digit of 161940/(-50)*15/(-6)?
0
Let f(n) = -2*n**2 - 14 + 8 - 3*n + 43*n**3 + 5 + 5. Let t be f(1). Let p = t - -97. What is the hundreds digit of p?
1
Let q(l) = -l - 24. Let z be q(-27). Suppose -15*i + 14*i + 465 = 2*c, -z*i - 3*c = -1404. What is the hundreds digit of i?
4
Suppose -391 = 5*q - 7*f + 3*f, 3*f - 12 = 0. Let d = 80 + q.